at are the prime factors of 77638715?
5, 7, 11, 421, 479
What are the prime factors of 81047957?
67, 1209671
List the prime factors of 40355884.
2, 167, 60413
List the prime factors of 429186754.
2, 31, 37, 187091
What are the prime factors of 210289231?
79, 109, 24421
List the prime factors of 229883261.
19, 29, 421, 991
What are the prime factors of 185481728?
2, 67, 5407
List the prime factors of 373420375.
5, 109, 27407
What are the prime factors of 84967455?
3, 5, 5664497
What are the prime factors of 822938387?
1277, 644431
What are the prime factors of 153297870?
2, 3, 5, 11, 464539
What are the prime factors of 19833767?
29, 683923
What are the prime factors of 29553532?
2, 1213, 6091
List the prime factors of 63814234.
2, 11, 2900647
What are the prime factors of 214741297?
17, 59, 347, 617
List the prime factors of 261978092.
2, 17, 911, 4229
What are the prime factors of 4671273068?
2, 7, 11, 31, 489241
What are the prime factors of 64000877?
41, 1560997
List the prime factors of 1151697927.
3, 37, 10375657
List the prime factors of 1737852252.
2, 3, 19, 127, 60017
List the prime factors of 2555869808.
2, 41, 137, 28439
What are the prime factors of 359318278?
2, 11, 661, 24709
List the prime factors of 384437235.
3, 5, 7, 13, 17, 16567
List the prime factors of 762716353.
7, 108959479
List the prime factors of 151712486.
2, 167, 454229
List the prime factors of 6924298.
2, 503, 6883
List the prime factors of 266228672.
2, 251, 16573
List the prime factors of 7473364.
2, 773, 2417
List the prime factors of 82269300.
2, 3, 5, 67, 4093
List the prime factors of 28676885.
5, 937, 6121
What are the prime factors of 82363346?
2, 13, 79, 40099
What are the prime factors of 4301903144?
2, 7, 11, 6983609
What are the prime factors of 5578192988?
2, 1394548247
List the prime factors of 132160246.
2, 5927, 11149
List the prime factors of 3206783790.
2, 3, 5, 7, 1696711
List the prime factors of 676714929.
3, 11, 20506513
What are the prime factors of 413363971?
59, 89, 78721
What are the prime factors of 146301193?
131, 443, 2521
List the prime factors of 48980680.
2, 5, 7, 174931
List the prime factors of 102959506.
2, 13, 3959981
What are the prime factors of 52286712?
2, 3, 1423, 1531
List the prime factors of 65013880.
2, 5, 1625347
What are the prime factors of 43322352?
2, 3, 89, 10141
List the prime factors of 84402646.
2, 31, 461, 2953
What are the prime factors of 167171040?
2, 3, 5, 12899
What are the prime factors of 169264344?
2, 3, 37, 190613
What are the prime factors of 183153696?
2, 3, 11, 251, 691
List the prime factors of 339875712.
2, 3, 11, 26821
What are the prime factors of 836330791?
836330791
List the prime factors of 236354791.
17, 41, 339103
List the prime factors of 1187210733.
3, 191, 2071921
What are the prime factors of 1012558301?
17, 31, 1921363
List the prime factors of 305499295.
5, 47, 911, 1427
List the prime factors of 208440323.
7, 13, 1289, 1777
List the prime factors of 901269290.
2, 5, 90126929
List the prime factors of 916891966.
2, 3797, 120739
List the prime factors of 3460993391.
3460993391
What are the prime factors of 4694286540?
2, 3, 5, 78238109
What are the prime factors of 31535192?
2, 13, 89, 3407
List the prime factors of 981030225.
3, 5, 7, 266947
What are the prime factors of 9451045288?
2, 1181380661
List the prime factors of 14996785.
5, 2999357
What are the prime factors of 403954804?
2, 11, 29, 197, 1607
List the prime factors of 1066992490.
2, 5, 106699249
What are the prime factors of 466500858?
2, 3, 23, 3380441
List the prime factors of 2482290984.
2, 3, 103428791
List the prime factors of 2782602599.
7, 397514657
List the prime factors of 1980297517.
11, 180027047
What are the prime factors of 161108344?
2, 787, 25589
List the prime factors of 671592164.
2, 19, 109, 81071
What are the prime factors of 1331237223?
3, 19, 7785013
List the prime factors of 832776107.
832776107
What are the prime factors of 193503004?
2, 239, 202409
What are the prime factors of 1542600060?
2, 3, 5, 17, 43, 35171
List the prime factors of 520739063.
13, 71, 241, 2341
List the prime factors of 127244826.
2, 3, 43, 79, 2081
What are the prime factors of 683115368?
2, 13, 6568417
List the prime factors of 6557051932.
2, 7841, 209063
What are the prime factors of 11140608?
2, 3, 7253
What are the prime factors of 488295661?
7, 69756523
List the prime factors of 198302565.
3, 5, 107, 123553
What are the prime factors of 83566420?
2, 5, 7, 59, 67, 151
List the prime factors of 103318387.
29, 241, 14783
List the prime factors of 44734296.
2, 3, 1863929
List the prime factors of 108235354.
2, 54117677
What are the prime factors of 53836098?
2, 3, 593, 15131
List the prime factors of 67515797.
19, 3553463
What are the prime factors of 233712585?
3, 5, 5193613
What are the prime factors of 97647818?
2, 1979, 24671
What are the prime factors of 81260969?
17, 2081, 2297
List the prime factors of 480564188.
2, 13, 19, 503, 967
What are the prime factors of 15971491?
2269, 7039
List the prime factors of 48726699.
3, 7, 29, 31, 89
List the prime factors of 33575826.
2, 3, 5595971
List the prime factors of 923603652.
2, 3, 53, 109, 4441
List the prime factors of 602816623.
229, 2632387
What are the prime factors of 616612212?
2, 3, 17128117
What are the prime factors of 303680359?
103, 2948353
What are the prime factors of 26290584?
2, 3, 365147
What are the prime factors of 220926164?
2, 3511, 15731
List the prime factors of 1363932971.
1363932971
What are the prime factors of 53348140?
2, 5, 349, 7643
What are the prime factors of 311069781?
3, 11, 1047373
List the prime factors of 49910607.
3, 103, 131, 137
List the prime factors of 156058195.
5, 839, 37201
What are the prime factors of 69969025?
5, 7, 17, 29, 811
List the prime factors of 627747118.
2, 19, 101, 163561
What are the prime factors of 1311914607?
3, 181, 1019, 2371
What are the prime factors of 964624108?
2, 7, 191, 180371
What are the prime factors of 229717951?
23, 9987737
What are the prime factors of 1677214645?
5, 17, 19, 1038523
List the prime factors of 547530440.
2, 5, 29, 37, 12757
What are the prime factors of 59411732?
2, 83, 178951
What are the prime factors of 66097217?
107, 617731
List the prime factors of 2394099220.
2, 5, 149, 803389
What are the prime factors of 2412789902?
2, 2063, 584777
List the prime factors of 481075073.
37, 13002029
List the prime factors of 219354726.
2, 3, 23, 971, 1637
What are the prime factors of 1206082081?
37, 32596813
What are the prime factors of 3406381112?
2, 271, 1571209
What are the prime factors of 517370?
2, 5, 7, 19, 389
List the prime factors of 225176370.
2, 3, 5, 373, 20123
List the prime factors of 2141616067.
103, 20792389
List the prime factors of 4365551079.
3, 37, 4369921
What are the prime factors of 98373818?
2, 49186909
What are the prime factors of 2383918936?
2, 7, 419, 101599
What are the prime factors of 535167931?
139, 3850129
List the prime factors of 22199668.
2, 1091, 5087
List the prime factors of 23225401.
23225401
List the prime factors of 87586268.
2, 7, 11, 199, 1429
What are the prime factors of 33251022?
2, 3, 7, 163, 1619
List the prime factors of 105739793.
105739793
List the prime factors of 16553656.
2, 7, 295601
What are the prime factors of 128944581?
3, 181, 237467
List the prime factors of 7619650.
2, 5, 152393
What are the prime factors of 222645356?
2, 55661339
What are the prime factors of 7278501841?
13, 2689, 208213
List the prime factors of 14406451.
313, 46027
What are the prime factors of 2029066493?
179, 11335567
What are the prime factors of 55568397?
3, 103, 179833
List the prime factors of 328906982.
2, 1021, 161071
List the prime factors of 294534404.
2, 73633601
List the prime factors of 92078570.
2, 5, 37, 248861
List the prime factors of 109656660.
2, 3, 5, 71, 25741
List the prime factors of 79886814.
2, 3, 7, 31, 61357
What are the prime factors of 29983077?
3, 3331453
List the prime factors of 96370858.
2, 17, 97, 29221
List the prime factors of 18023977.
1429, 12613
What are the prime factors of 31057091?
13, 641, 3727
List the prime factors of 8034971.
7, 163979
List the prime factors of 57458563.
57458563
What are the prime factors of